{"id":797,"date":"2019-02-26T15:43:31","date_gmt":"2019-02-26T18:43:31","guid":{"rendered":"https:\/\/replick.com.br\/blog\/?page_id=797"},"modified":"2019-02-26T16:44:26","modified_gmt":"2019-02-26T19:44:26","slug":"textofornecedores","status":"publish","type":"page","link":"https:\/\/replick.com.br\/blog\/textofornecedores\/","title":{"rendered":"[eBook] 10 dicas para ter sucesso na contrata\u00e7\u00e3o de seu fornecedor"},"content":{"rendered":"\n<h3 class=\"wp-block-heading\" id=\"content-subtitle\"><strong>Voc\u00ea j\u00e1 contratou um fornecedor que te trouxe mais dor de cabe\u00e7a do que solu\u00e7\u00e3o?<\/strong><\/h3>\n\n\n\n<div class=\"wp-block-image\"><figure class=\"aligncenter is-resized\"><img loading=\"lazy\" decoding=\"async\" src=\"https:\/\/replick.com.br\/blog\/wp-content\/uploads\/problem-860227_1920-1024x768.jpg\" alt=\"\" class=\"wp-image-572\" width=\"355\" height=\"266\"\/><\/figure><\/div>\n\n\n\n<h4 class=\"wp-block-heading\"><strong> Com este e-Book GRATUITO voc\u00ea ir\u00e1 descobrir: <\/strong><\/h4>\n\n\n\n<ul><li>Quais s\u00e3o os pontos fundamentais que sustentam a rela\u00e7\u00e3o entre Empresa e Fornecedor<\/li><li> Quais as tarefas que voc\u00ea deve ou n\u00e3o terceirizar para evitar futuros problemas <\/li><li>Como manter um relacionamento duradouro e de qualidade com seu fornecedor<\/li><li>Quais s\u00e3o os principais fatores que influenciam a rela\u00e7\u00e3o Empresa X Fornecedor <\/li><\/ul>\n\n\n\n<p style=\"font-size:-2px\" class=\"has-text-color has-cyan-bluish-gray-color\"> Vamos lhe fornecer conte\u00fado real e importante, sem spam ou abuso. <\/p>\n\n\n\n<div class=\"wpcf7 no-js\" id=\"wpcf7-f822-o1\" lang=\"pt-BR\" dir=\"ltr\">\n<div class=\"screen-reader-response\"><p role=\"status\" aria-live=\"polite\" aria-atomic=\"true\"><\/p> <ul><\/ul><\/div>\n<form action=\"\/blog\/wp-json\/wp\/v2\/pages\/797#wpcf7-f822-o1\" method=\"post\" class=\"wpcf7-form init\" aria-label=\"Formul\u00e1rios de contato\" novalidate=\"novalidate\" data-status=\"init\">\n<div style=\"display: none;\">\n<input type=\"hidden\" name=\"_wpcf7\" value=\"822\" \/>\n<input type=\"hidden\" name=\"_wpcf7_version\" value=\"5.8.4\" \/>\n<input type=\"hidden\" name=\"_wpcf7_locale\" value=\"pt_BR\" \/>\n<input type=\"hidden\" name=\"_wpcf7_unit_tag\" value=\"wpcf7-f822-o1\" \/>\n<input type=\"hidden\" name=\"_wpcf7_container_post\" value=\"0\" \/>\n<input type=\"hidden\" name=\"_wpcf7_posted_data_hash\" value=\"\" \/>\n<\/div>\n<p><label> Nome completo (obrigat\u00f3rio)<br \/>\n<span class=\"wpcf7-form-control-wrap\" data-name=\"your-name\"><input size=\"40\" class=\"wpcf7-form-control wpcf7-text wpcf7-validates-as-required\" aria-required=\"true\" aria-invalid=\"false\" value=\"\" type=\"text\" name=\"your-name\" \/><\/span> <\/label>\n<\/p>\n<p><label> e-Mail (obrigat\u00f3rio)<br \/>\n<span class=\"wpcf7-form-control-wrap\" data-name=\"your-email\"><input size=\"40\" class=\"wpcf7-form-control wpcf7-email wpcf7-validates-as-required wpcf7-text wpcf7-validates-as-email\" aria-required=\"true\" aria-invalid=\"false\" value=\"\" type=\"email\" name=\"your-email\" \/><\/span> <\/label>\n<\/p>\n<p><label> Empresa (obrigat\u00f3rio)<br \/>\n<span class=\"wpcf7-form-control-wrap\" data-name=\"your-subject\"><input size=\"40\" class=\"wpcf7-form-control wpcf7-text wpcf7-validates-as-required\" aria-required=\"true\" aria-invalid=\"false\" value=\"\" type=\"text\" name=\"your-subject\" \/><\/span> <\/label>\n<\/p>\n<p><input class=\"wpcf7-form-control wpcf7-submit has-spinner\" type=\"submit\" value=\"ACESSAR E-BOOK\" \/>\n<\/p><div class=\"wpcf7-response-output\" aria-hidden=\"true\"><\/div>\n<\/form>\n<\/div>\n\n","protected":false},"excerpt":{"rendered":"<p>Voc\u00ea j\u00e1 contratou um fornecedor que te trouxe mais dor de cabe\u00e7a do que solu\u00e7\u00e3o? Com este e-Book GRATUITO voc\u00ea ir\u00e1 descobrir: Quais s\u00e3o os pontos fundamentais que sustentam a [&hellip;]<\/p>\n","protected":false},"author":4,"featured_media":0,"parent":0,"menu_order":0,"comment_status":"closed","ping_status":"closed","template":"","meta":{"footnotes":""},"yoast_head":"<!-- This site is optimized with the Yoast SEO plugin v21.6 - https:\/\/yoast.com\/wordpress\/plugins\/seo\/ -->\n<title>[eBook] 10 dicas para ter sucesso na contrata\u00e7\u00e3o de seu fornecedor | REPLICK - Nutri\u00e7\u00e3o de Contatos<\/title>\n<meta name=\"robots\" content=\"index, follow, max-snippet:-1, max-image-preview:large, max-video-preview:-1\" \/>\n<link rel=\"canonical\" href=\"https:\/\/replick.com.br\/blog\/textofornecedores\/\" \/>\n<meta property=\"og:locale\" content=\"pt_BR\" \/>\n<meta property=\"og:type\" content=\"article\" \/>\n<meta property=\"og:title\" content=\"[eBook] 10 dicas para ter sucesso na contrata\u00e7\u00e3o de seu fornecedor | REPLICK - Nutri\u00e7\u00e3o de Contatos\" \/>\n<meta property=\"og:description\" content=\"Voc\u00ea j\u00e1 contratou um fornecedor que te trouxe mais dor de cabe\u00e7a do que solu\u00e7\u00e3o? Com este e-Book GRATUITO voc\u00ea ir\u00e1 descobrir: Quais s\u00e3o os pontos fundamentais que sustentam a [&hellip;]\" \/>\n<meta property=\"og:url\" content=\"https:\/\/replick.com.br\/blog\/textofornecedores\/\" \/>\n<meta property=\"og:site_name\" content=\"REPLICK - Nutri\u00e7\u00e3o de Contatos\" \/>\n<meta property=\"article:publisher\" content=\"https:\/\/www.facebook.com\/ReplickRelacionamento\/\" \/>\n<meta property=\"article:modified_time\" content=\"2019-02-26T19:44:26+00:00\" \/>\n<meta property=\"og:image\" content=\"https:\/\/replick.com.br\/blog\/wp-content\/uploads\/problem-860227_1920-1024x768.jpg\" \/>\n<meta name=\"twitter:card\" content=\"summary_large_image\" \/>\n<script type=\"application\/ld+json\" class=\"yoast-schema-graph\">{\"@context\":\"https:\/\/schema.org\",\"@graph\":[{\"@type\":\"WebPage\",\"@id\":\"https:\/\/replick.com.br\/blog\/textofornecedores\/\",\"url\":\"https:\/\/replick.com.br\/blog\/textofornecedores\/\",\"name\":\"[eBook] 10 dicas para ter sucesso na contrata\u00e7\u00e3o de seu fornecedor | REPLICK - Nutri\u00e7\u00e3o de Contatos\",\"isPartOf\":{\"@id\":\"https:\/\/replick.com.br\/blog\/#website\"},\"datePublished\":\"2019-02-26T18:43:31+00:00\",\"dateModified\":\"2019-02-26T19:44:26+00:00\",\"breadcrumb\":{\"@id\":\"https:\/\/replick.com.br\/blog\/textofornecedores\/#breadcrumb\"},\"inLanguage\":\"pt-BR\",\"potentialAction\":[{\"@type\":\"ReadAction\",\"target\":[\"https:\/\/replick.com.br\/blog\/textofornecedores\/\"]}]},{\"@type\":\"BreadcrumbList\",\"@id\":\"https:\/\/replick.com.br\/blog\/textofornecedores\/#breadcrumb\",\"itemListElement\":[{\"@type\":\"ListItem\",\"position\":1,\"name\":\"In\u00edcio\",\"item\":\"https:\/\/replick.com.br\/blog\/\"},{\"@type\":\"ListItem\",\"position\":2,\"name\":\"[eBook] 10 dicas para ter sucesso na contrata\u00e7\u00e3o de seu fornecedor\"}]},{\"@type\":\"WebSite\",\"@id\":\"https:\/\/replick.com.br\/blog\/#website\",\"url\":\"https:\/\/replick.com.br\/blog\/\",\"name\":\"REPLICK - Nutri\u00e7\u00e3o de Contatos\",\"description\":\"Neste blog iremos postar as novidades da REPLICK\",\"publisher\":{\"@id\":\"https:\/\/replick.com.br\/blog\/#organization\"},\"potentialAction\":[{\"@type\":\"SearchAction\",\"target\":{\"@type\":\"EntryPoint\",\"urlTemplate\":\"https:\/\/replick.com.br\/blog\/?s={search_term_string}\"},\"query-input\":\"required name=search_term_string\"}],\"inLanguage\":\"pt-BR\"},{\"@type\":\"Organization\",\"@id\":\"https:\/\/replick.com.br\/blog\/#organization\",\"name\":\"REPLICK\",\"url\":\"https:\/\/replick.com.br\/blog\/\",\"logo\":{\"@type\":\"ImageObject\",\"inLanguage\":\"pt-BR\",\"@id\":\"https:\/\/replick.com.br\/blog\/#\/schema\/logo\/image\/\",\"url\":\"https:\/\/replick.com.br\/blog\/wp-content\/uploads\/2015\/11\/BordoReplick.jpg\",\"contentUrl\":\"https:\/\/replick.com.br\/blog\/wp-content\/uploads\/2015\/11\/BordoReplick.jpg\",\"width\":468,\"height\":122,\"caption\":\"REPLICK\"},\"image\":{\"@id\":\"https:\/\/replick.com.br\/blog\/#\/schema\/logo\/image\/\"},\"sameAs\":[\"https:\/\/www.facebook.com\/ReplickRelacionamento\/\",\"https:\/\/www.instagram.com\/replicksocial\/\"]}]}<\/script>\n<!-- \/ Yoast SEO plugin. -->","yoast_head_json":{"title":"[eBook] 10 dicas para ter sucesso na contrata\u00e7\u00e3o de seu fornecedor | REPLICK - Nutri\u00e7\u00e3o de Contatos","robots":{"index":"index","follow":"follow","max-snippet":"max-snippet:-1","max-image-preview":"max-image-preview:large","max-video-preview":"max-video-preview:-1"},"canonical":"https:\/\/replick.com.br\/blog\/textofornecedores\/","og_locale":"pt_BR","og_type":"article","og_title":"[eBook] 10 dicas para ter sucesso na contrata\u00e7\u00e3o de seu fornecedor | REPLICK - Nutri\u00e7\u00e3o de Contatos","og_description":"Voc\u00ea j\u00e1 contratou um fornecedor que te trouxe mais dor de cabe\u00e7a do que solu\u00e7\u00e3o? Com este e-Book GRATUITO voc\u00ea ir\u00e1 descobrir: Quais s\u00e3o os pontos fundamentais que sustentam a [&hellip;]","og_url":"https:\/\/replick.com.br\/blog\/textofornecedores\/","og_site_name":"REPLICK - Nutri\u00e7\u00e3o de Contatos","article_publisher":"https:\/\/www.facebook.com\/ReplickRelacionamento\/","article_modified_time":"2019-02-26T19:44:26+00:00","og_image":[{"url":"https:\/\/replick.com.br\/blog\/wp-content\/uploads\/problem-860227_1920-1024x768.jpg"}],"twitter_card":"summary_large_image","schema":{"@context":"https:\/\/schema.org","@graph":[{"@type":"WebPage","@id":"https:\/\/replick.com.br\/blog\/textofornecedores\/","url":"https:\/\/replick.com.br\/blog\/textofornecedores\/","name":"[eBook] 10 dicas para ter sucesso na contrata\u00e7\u00e3o de seu fornecedor | REPLICK - Nutri\u00e7\u00e3o de Contatos","isPartOf":{"@id":"https:\/\/replick.com.br\/blog\/#website"},"datePublished":"2019-02-26T18:43:31+00:00","dateModified":"2019-02-26T19:44:26+00:00","breadcrumb":{"@id":"https:\/\/replick.com.br\/blog\/textofornecedores\/#breadcrumb"},"inLanguage":"pt-BR","potentialAction":[{"@type":"ReadAction","target":["https:\/\/replick.com.br\/blog\/textofornecedores\/"]}]},{"@type":"BreadcrumbList","@id":"https:\/\/replick.com.br\/blog\/textofornecedores\/#breadcrumb","itemListElement":[{"@type":"ListItem","position":1,"name":"In\u00edcio","item":"https:\/\/replick.com.br\/blog\/"},{"@type":"ListItem","position":2,"name":"[eBook] 10 dicas para ter sucesso na contrata\u00e7\u00e3o de seu fornecedor"}]},{"@type":"WebSite","@id":"https:\/\/replick.com.br\/blog\/#website","url":"https:\/\/replick.com.br\/blog\/","name":"REPLICK - Nutri\u00e7\u00e3o de Contatos","description":"Neste blog iremos postar as novidades da REPLICK","publisher":{"@id":"https:\/\/replick.com.br\/blog\/#organization"},"potentialAction":[{"@type":"SearchAction","target":{"@type":"EntryPoint","urlTemplate":"https:\/\/replick.com.br\/blog\/?s={search_term_string}"},"query-input":"required name=search_term_string"}],"inLanguage":"pt-BR"},{"@type":"Organization","@id":"https:\/\/replick.com.br\/blog\/#organization","name":"REPLICK","url":"https:\/\/replick.com.br\/blog\/","logo":{"@type":"ImageObject","inLanguage":"pt-BR","@id":"https:\/\/replick.com.br\/blog\/#\/schema\/logo\/image\/","url":"https:\/\/replick.com.br\/blog\/wp-content\/uploads\/2015\/11\/BordoReplick.jpg","contentUrl":"https:\/\/replick.com.br\/blog\/wp-content\/uploads\/2015\/11\/BordoReplick.jpg","width":468,"height":122,"caption":"REPLICK"},"image":{"@id":"https:\/\/replick.com.br\/blog\/#\/schema\/logo\/image\/"},"sameAs":["https:\/\/www.facebook.com\/ReplickRelacionamento\/","https:\/\/www.instagram.com\/replicksocial\/"]}]}},"_links":{"self":[{"href":"https:\/\/replick.com.br\/blog\/wp-json\/wp\/v2\/pages\/797"}],"collection":[{"href":"https:\/\/replick.com.br\/blog\/wp-json\/wp\/v2\/pages"}],"about":[{"href":"https:\/\/replick.com.br\/blog\/wp-json\/wp\/v2\/types\/page"}],"author":[{"embeddable":true,"href":"https:\/\/replick.com.br\/blog\/wp-json\/wp\/v2\/users\/4"}],"replies":[{"embeddable":true,"href":"https:\/\/replick.com.br\/blog\/wp-json\/wp\/v2\/comments?post=797"}],"version-history":[{"count":6,"href":"https:\/\/replick.com.br\/blog\/wp-json\/wp\/v2\/pages\/797\/revisions"}],"predecessor-version":[{"id":823,"href":"https:\/\/replick.com.br\/blog\/wp-json\/wp\/v2\/pages\/797\/revisions\/823"}],"wp:attachment":[{"href":"https:\/\/replick.com.br\/blog\/wp-json\/wp\/v2\/media?parent=797"}],"curies":[{"name":"wp","href":"https:\/\/api.w.org\/{rel}","templated":true}]}}